275.
15
What is the highest common divisor of 42 and 336?
42
What is the highest common divisor of 23 and 4853?
23
What is the greatest common factor of 18 and 2079?
9
What is the highest common factor of 146 and 8?
2
Calculate the highest common divisor of 255 and 119.
17
Calculate the greatest common factor of 703 and 37.
37
Calculate the highest common divisor of 176 and 2024.
88
Calculate the greatest common divisor of 988 and 152.
76
What is the highest common factor of 3 and 5169?
3
Calculate the greatest common factor of 11 and 297.
11
Calculate the greatest common divisor of 465 and 5.
5
What is the highest common factor of 1470 and 441?
147
What is the highest common factor of 535 and 107?
107
What is the highest common factor of 28 and 364?
28
Calculate the highest common factor of 1 and 271.
1
What is the highest common divisor of 3655 and 51?
17
What is the highest common factor of 30 and 1896?
6
Calculate the greatest common factor of 50988 and 84.
84
What is the greatest common divisor of 308 and 280?
28
What is the greatest common factor of 30218 and 58?
58
What is the greatest common divisor of 34 and 918?
34
Calculate the highest common factor of 77 and 1309.
77
What is the greatest common divisor of 67 and 134?
67
Calculate the highest common factor of 380 and 20.
20
Calculate the greatest common divisor of 24 and 8916.
12
What is the highest common divisor of 69 and 115?
23
What is the highest common factor of 62 and 310?
62
What is the highest common divisor of 2 and 17?
1
What is the highest common factor of 203 and 7569?
29
What is the highest common factor of 123 and 82?
41
What is the highest common divisor of 51 and 68?
17
Calculate the greatest common divisor of 779 and 57.
19
Calculate the greatest common divisor of 78 and 39.
39
Calculate the greatest common factor of 3 and 993.
3
What is the highest common factor of 168 and 24?
24
Calculate the highest common factor of 210 and 1218.
42
What is the highest common divisor of 2613 and 273?
39
Calculate the greatest common factor of 375 and 150.
75
Calculate the greatest common divisor of 9126 and 54.
54
Calculate the highest common factor of 14 and 406.
14
What is the greatest common divisor of 110 and 1045?
55
Calculate the greatest common divisor of 224 and 296.
8
What is the highest common factor of 36 and 4986?
18
Calculate the greatest common divisor of 826 and 28.
14
What is the highest common divisor of 13946 and 38?
38
Calculate the greatest common divisor of 24 and 2152.
8
What is the highest common factor of 715 and 10?
5
Calculate the highest common factor of 209 and 33.
11
Calculate the highest common factor of 6 and 22.
2
Calculate the greatest common factor of 54 and 12.
6
Calculate the highest common divisor of 185 and 5.
5
Calculate the greatest common divisor of 40 and 72.
8
What is the greatest common factor of 43 and 215?
43
What is the greatest common factor of 108 and 36?
36
What is the highest common factor of 1380 and 180?
60
What is the greatest common divisor of 31576 and 8?
8
What is the highest common factor of 86 and 301?
43
What is the greatest common divisor of 2 and 502?
2
Calculate the greatest common divisor of 12810 and 42.
42
Calculate the greatest common factor of 1 and 1181.
1
Calculate the highest common divisor of 63 and 9.
9
Calculate the greatest common divisor of 1083 and 171.
57
Calculate the greatest common factor of 228 and 12.
12
What is the highest common factor of 154 and 280?
14
What is the highest common factor of 4557 and 147?
147
Calculate the highest common factor of 13013 and 13.
13
Calculate the greatest common divisor of 93 and 899.
31
What is the highest common divisor of 760 and 1640?
40
Calculate the greatest common divisor of 108 and 1404.
108
Calculate the highest common factor of 15056 and 16.
16
What is the highest common factor of 9 and 729?
9
What is the greatest common factor of 55 and 495?
55
Calculate the highest common divisor of 1394 and 170.
34
Calculate the greatest common divisor of 9 and 93.
3
Calculate the greatest common divisor of 3871 and 98.
49
What is the highest common factor of 3 and 582?
3
Calculate the highest common divisor of 1541 and 621.
23
Calculate the greatest common divisor of 212 and 12.
4
Calculate the highest common divisor of 2 and 49.
1
What is the greatest common factor of 468 and 39?
39
What is the highest common divisor of 33 and 638?
11
Calculate the greatest common factor of 198 and 154.
22
Calculate the highest common divisor of 2314 and 890.
178
What is the highest common divisor of 44 and 550?
22
What is the highest common divisor of 1863 and 23?
23
Calculate the greatest common factor of 1432 and 8.
8
What is the highest common divisor of 745 and 115?
5
What is the highest common factor of 500 and 20?
20
Calculate the greatest common divisor of 399 and 1653.
57
Calculate the greatest common factor of 8 and 440.
8
Calculate the highest common divisor of 119 and 697.
17
What is the greatest common divisor of 24 and 16?
8
What is the highest common factor of 1143 and 18?
9
What is the greatest common divisor of 682 and 124?
62
What is the highest common factor of 50 and 1210?
10
What is the highest common divisor of 45 and 10?
5
Calculate the greatest common factor of 610 and 5246.
122
Calculate the highest common divisor of 258 and 21.
3
What is the highest common divisor of 1691 and 5518?
89
Calculate the highest common divisor of 144 and 252.
36
What is the greatest common factor of 583 and 11?
11
What is the greatest common factor of 81 and 351?
27
Calculate the highest common factor of 16 and 208.
16
Calculate the highest common factor of 224 and 992.
32
Calculate the greatest common divisor of 928 and 3364.
116
What is the greatest common divisor of 505 and 3232?
101
What is the greatest common factor of 144 and 27888?
48
Calculate the highest common divisor of 410 and 10.
10
What is the highest common factor of 984 and 24?
24
What is the highest common factor of 848 and 2173?
53
What is the greatest common factor of 975 and 312?
39
What is the highest common divisor of 31 and 1?
1
Calculate the greatest common factor of 558 and 54.
18
Calculate the highest common factor of 69 and 115.
23
Calculate the greatest common divisor of 120 and 18.
6
Calculate the highest common divisor of 69 and 39445.
23
What is the highest common divisor of 544 and 1376?
32
What is the greatest common factor of 28 and 28?
28
What is the highest common divisor of 4 and 2420?
4
What is the highest common factor of 57 and 1653?
57
What is the highest common divisor of 2012 and 20?
4
What is the highest common factor of 6 and 1497?
3
Calculate the greatest common factor of 46 and 1472.
46
What is the highest common divisor of 120 and 75?
15
What is the highest common divisor of 485 and 3686?
97
What is the greatest common factor of 2432 and 1672?
152
What is the greatest common factor of 1491 and 4047?
213
What is the highest common divisor of 76 and 836?
76
Calculate the greatest common factor of 1035 and 45.
45
Calculate the highest common factor of 16 and 32.
16
Calculate the highest common divisor of 297 and 33.
33
Calculate the highest common divisor of 49 and 448.
7
Calculate the highest common divisor of 95 and 57.
19
What is the greatest common divisor of 1016 and 20?
4
What is the highest common factor of 604 and 8?
4
Calculate the highest common factor of 9 and 11.
1
What is the greatest common factor of 46904 and 492?
164
What is the greatest common factor of 2989 and 122?
61
Calculate the greatest common divisor of 126 and 294.
42
What is the highest common divisor of 275 and 33?
11
Calculate the greatest common factor of 1927 and 123.
41
Calculate the greatest common divisor of 462 and 198.
66
What is the highest common divisor of 15 and 20?
5
What is the highest common factor of 3536 and 624?
208
Calculate the greatest common factor of 238 and 70.
14
Calculate the greatest common factor of 381 and 3.
3
Calculate the greatest common divisor of 16807 and 49.
49
Calculate the highest common divisor of 420 and 120.
60
Calculate the highest common factor of 21 and 259.
7
What is the greatest common divisor of 806 and 62?
62
Calculate the highest common divisor of 16 and 10